e
Is 1771 a factor of 34200176?
False
Is 8 a factor of 24625856?
True
Is 20 a factor of 699310819?
False
Does 55 divide 68793230?
True
Does 243 divide 796061?
False
Is 2064488 a multiple of 345?
False
Does 116 divide 2869840?
True
Is 33553160 a multiple of 155?
True
Is 2858 a factor of 394955594?
True
Is 624 a factor of 1148189328?
True
Is 105862746 a multiple of 3333?
True
Is 141 a factor of 67942313?
False
Is 11 a factor of 36370169?
True
Is 15453300 a multiple of 60?
True
Is 1511790000 a multiple of 750?
True
Is 4574 a factor of 1086439350?
True
Does 352 divide 5489385?
False
Is 267338128 a multiple of 2564?
False
Is 54 a factor of 229057411?
False
Does 56 divide 213939184?
False
Is 1100 a factor of 174581179?
False
Is 444 a factor of 53112936?
False
Is 72 a factor of 39858480?
True
Is 210 a factor of 192368024?
False
Is 6242024 a multiple of 5?
False
Does 127 divide 48665130?
True
Does 298 divide 8345950?
False
Is 5935215 a multiple of 33?
True
Does 8 divide 17528432?
True
Is 22756268 a multiple of 271?
False
Is 19 a factor of 92397224?
False
Does 12 divide 514496417?
False
Does 4877 divide 2079853004?
False
Is 281768922 a multiple of 9?
True
Does 137 divide 76901394?
False
Is 5082797913 a multiple of 471?
True
Is 103 a factor of 376352737?
False
Does 13 divide 7592366?
False
Does 20 divide 1081288340?
True
Does 64 divide 20671866?
False
Does 780 divide 11295180?
True
Is 149521952 a multiple of 16?
True
Does 57 divide 573075207?
True
Does 889 divide 877654?
False
Is 11270 a factor of 1487380790?
True
Does 894 divide 492719160?
True
Is 2127165850 a multiple of 37?
False
Is 17 a factor of 251068225?
False
Does 762 divide 199058022?
True
Is 4979467836 a multiple of 28?
True
Is 28 a factor of 4623393?
False
Does 222 divide 583583783?
False
Does 894 divide 2091342?
False
Is 203899753 a multiple of 1252?
False
Is 12 a factor of 1818026316?
True
Is 14298633 a multiple of 835?
False
Does 511 divide 141200031?
True
Is 592563538 a multiple of 66?
False
Is 1546 a factor of 64047688?
True
Is 978334360 a multiple of 340?
True
Does 7 divide 3323306?
True
Is 18 a factor of 6576354?
True
Does 5 divide 16789605?
True
Does 98 divide 368885114?
False
Does 5376 divide 322382592?
True
Does 415 divide 2673430?
True
Is 52 a factor of 2601768?
True
Is 72087733 a multiple of 55?
False
Is 8791930 a multiple of 497?
True
Does 92 divide 36140452?
True
Does 17 divide 24146851?
True
Does 8 divide 191314064?
True
Does 186 divide 23799444?
True
Does 467 divide 80194563?
False
Does 44 divide 5840839884?
True
Is 179 a factor of 603083077?
False
Is 125 a factor of 595931338?
False
Is 111 a factor of 271035921?
False
Is 148 a factor of 20834057?
False
Is 49430579 a multiple of 101?
False
Is 126 a factor of 484870680?
True
Is 3406892625 a multiple of 7?
False
Is 14591936 a multiple of 184?
True
Does 12 divide 105734142?
False
Is 6248 a factor of 834220464?
True
Is 32234004 a multiple of 12?
True
Does 1161 divide 54678456?
True
Is 1365933600 a multiple of 225?
True
Is 10 a factor of 45232492?
False
Is 11020361 a multiple of 1273?
True
Is 977223602 a multiple of 1922?
True
Is 1223307250 a multiple of 187?
True
Is 204 a factor of 94131628?
False
Does 864 divide 758411424?
True
Is 1339152 a multiple of 28?
False
Does 1411 divide 17642865?
False
Is 341 a factor of 69628790?
True
Is 78 a factor of 42654204?
False
Is 19195415 a multiple of 68?
False
Is 364 a factor of 126549696?
True
Is 4246530 a multiple of 4?
False
Is 80099897 a multiple of 131?
False
Does 34 divide 1708151034?
False
Does 364 divide 311948?
True
Is 4200 a factor of 18106333?
False
Is 204505148 a multiple of 1091?
False
Is 69 a factor of 155835483?
False
Is 18 a factor of 218528200?
False
Does 21 divide 441393513?
False
Is 4146 a factor of 321321164?
False
Is 73 a factor of 705303224?
True
Is 44408695 a multiple of 5?
True
Is 27101892 a multiple of 16?
False
Is 141557816 a multiple of 4?
True
Does 598 divide 27762150?
True
Is 6 a factor of 18528910?
False
Does 1981 divide 187252044?
True
Is 2621283723 a multiple of 787?
True
Does 33 divide 255476760?
True
Is 4 a factor of 896883816?
True
Does 58 divide 18853132?
True
Is 67 a factor of 290343045?
False
Is 30524894 a multiple of 34?
True
Is 2542184190 a multiple of 315?
True
Is 96199159 a multiple of 49?
False
Does 257 divide 672612094?
False
Does 1576 divide 11705493?
False
Is 233 a factor of 43948102?
False
Is 28218861 a multiple of 243?
True
Does 851 divide 4778884578?
False
Is 138 a factor of 120305408?
False
Does 880 divide 4867512?
False
Does 867 divide 84903131?
False
Is 133511305 a multiple of 6684?
False
Is 57 a factor of 327874?
False
Does 300 divide 873618342?
False
Is 221078321 a multiple of 2420?
False
Is 571087033 a multiple of 185?
False
Does 18 divide 423537282?
True
Is 4950 a factor of 424327042?
False
Is 722 a factor of 52769513?
False
Is 191686005 a multiple of 49?
False
Does 622 divide 842043696?
True
Does 9424 divide 859431104?
True
Does 1994 divide 237606621?
False
Is 356496414 a multiple of 6086?
False
Does 3936 divide 161514775?
False
Does 3 divide 66044804?
False
Is 70 a factor of 460069625?
False
Is 25 a factor of 20244750?
True
Does 413 divide 125899746?
True
Does 3 divide 4350830?
False
Is 6 a factor of 7518432?
True
Is 27376237 a multiple of 1373?
False
Does 45 divide 288652005?
True
Is 2018 a factor of 168900546?
True
Is 26 a factor of 54797444?
True
Is 364 a factor of 304470847?
False
Is 20 a factor of 438179214?
False
Does 2333 divide 1399552498?
False
Is 33 a factor of 866474400?
True
Is 113194222 a multiple of 134?
True
Is 89369365 a multiple of 295?
True
Does 37 divide 582706747?
True
Is 55674075 a multiple of 25?
True
Does 10 divide 110974942?
False
Is 156046164 a multiple of 228?
True
Is 430128650 a multiple of 350?
True
Is 819 a factor of 14044212?
True
Does 159 divide 17136023?
False
Is 88 a factor of 29456227?
False
Is 1666039451 a multiple of 6427?
False
Is 89213800 a multiple of 65?
True
Is 78431167 a multiple of 12?
False
Is 56 a factor of 3126204032?
True
Does 1000 divide 4774000?
True
Does 1158 divide 22175893?
False
Is 425602429 a multiple of 550?
False
Does 1890 divide 291300030?
True
Is 83828669 a multiple of 207?
False
Does 156 divide 10027992?
True
Is 1013 a factor of 52666883?
True
Is 216097201 a multiple of 445?
False
Is 901 a factor of 114070286?
False
Is 407020991 a multiple of 612?
False
Is 12 a factor of 54014008?
False
Is 178775203 a multiple of 1403?
False
Does 31 divide 64602481?
True
Is 2019424914 a multiple of 6?
True
Is 37 a factor of 1261217515?
False
Is 63 a factor of 14074641?
True
Does 1416 divide 547371792?
True
Is 572690142 a multiple of 87?
False
Is 273799098 a multiple of 69?
False
Is 10 a factor of 511633580?
True
Is 91 a factor of 711798820?
False
Does 1199 divide 8021818?
False
Does 13 divide 5097235?
True
Does 76 divide 1105182120?
True
Is 747614497 a multiple of 43?
False
Is 3097 a factor of 449713182?
False
Does 317 divide 361769472?
False
Does 331 divide 14656018?
True
Does 1312 divide 97976577?
False
Does 3 divide 63973699?
False
Does 77 divide 22851847?
False
Is 20613054 a multiple of 378?
False
Is 7286 a factor of 523995545?
False
Does 399 divide 29415876?
True
Does 17 divide 8498556?
False
Is 3388 a factor of 1313591041?
False
Does 5 divide 1574571120?
True
Is 56 a factor of 125307168?
True
Is 99207360 a multiple of 5439?
True
Does 26 divide 73516432?
False
Does 3806 divide 2158443496?
True
Is 6 a factor of 128047569?
False
Does 5957 divide 1447344223?
False
Is 227 a factor of 4262152?
True
Is 65680869 a multiple of 11?
False
Is 306145537 a multiple of 6?
False
Is 3 a factor of 8397456?
True
Is 724188190 a multiple of 34?
False
Does 4133 divide 28166395?
True
Is 23 a factor of 41490050?
False
Is 52 a factor of 7654452?
True
Is 22 a factor of 858673024?
True
Is 54374484 a multiple of 75?
False
Does 1188 divide 3067587381?
False
Is 1224936 a multiple of 12?
True
Does 73 divide 3115241566?
True
Is 4 a factor of 505217792?
True
Is 16689042 a multiple of 1581?
False
Is 1860 a factor of 29646540?
True
Is 103363953 a multiple of 231?
True
Is 270985170 a multiple of 30?
True
Does 11 divide 127666825?
True
Is 3994173 a multiple of 11?
False
Does 17 divide 18812353?
True
Is 584 a factor of 35